 -4?
5
What is the value of 7 + -8 + (-2 - -2 - 0)?
-1
Calculate -4 + -4 + 6 + (2 - -2).
2
Evaluate -4 + 15 + -7 - -1.
5
Calculate 2 + 1 - (2 - (-8 - -3)).
-4
Calculate 3 - 3 - (0 + (-13 - -7)).
6
What is 9 - 11 - (-6 + (-3 - 0))?
7
What is the value of 2 + -1 - (-1 - (-1 - 2))?
-1
Calculate -10 + (-5 - -12) - -6.
3
What is 1 + 5 + -12 + 9?
3
0 + (5 + 8 - 7)
6
What is the value of 1 + (-6 - -2) + (-1 - -2)?
-2
Evaluate (0 + 4 - (14 + -15)) + -1.
4
Calculate (-3 + 1 - -2) + -6.
-6
What is (0 - (0 - 5)) + -7 - -6?
4
Evaluate 4 - 7 - -10 - (-1 - -3).
5
Evaluate -1 + 2 + (2 - 1).
2
Calculate 4 + (3 + -4 - 1).
2
Evaluate 0 - (2 - (-4 + -3 - -5)).
-4
Evaluate 2 + 1 + -7 + 6 + -4.
-2
(-2 - -4) + 3 + (9 - 10)
4
Calculate 4 + (-3 - 3) + -1.
-3
Calculate -2 - (-5 + 2 + 0 + -2).
3
(-15 - -13) + (-3 + 2 - -3)
0
Calculate (8 - (-1 + (0 - -5))) + -2.
2
Evaluate 6 + (0 - 6) + -1.
-1
What is the value of -4 - (-3 - (2 + 1))?
2
What is 0 + 2 + -3 + 6?
5
What is the value of (-3 + 1 - -1) + -6?
-7
-7 + -5 + 5 + 4
-3
What is -2 + (-9 - -5) - (-2 - 8)?
4
What is (1 - 7) + 0 - -3?
-3
What is 1 - (-1 + 5 + 1)?
-4
What is the value of (-5 - (12 - 25)) + -10?
-2
What is 0 - (-5 - (-2 + 3 + -2))?
4
Evaluate (-29 - -24) + 12 + -4.
3
Calculate 6 + (4 + -9 - -4).
5
What is the value of -1 - (-9 - -7) - 3?
-2
What is the value of -21 - (-1 - 10) - -9?
-1
Evaluate 7 - (3 + -1 + 1).
4
Evaluate -3 - 2 - -4 - (-3 + 1).
1
0 - (-4 + 1 + 0)
3
(3 - -1) + -6 + -2 + 4
0
What is (-25 - -26) + 3 + -3 + -2?
-1
Calculate 9 + -14 + 5 - (3 + 1).
-4
What is the value of 2 + 6 + (-8 - -5)?
5
Calculate (0 - -2) + -6 - (5 + -8).
-1
What is the value of -2 - (5 + -12) - 7?
-2
2 - ((-6 - -4) + 0)
4
What is (4 - (-8 + 19)) + (7 - -1)?
1
Calculate -3 + (2 - -1) + 6 + -2.
4
Calculate 3 - -6 - (11 - 6) - 11.
-7
Calculate (-16 - -11) + 3 - -2.
0
What is (0 - (-1 + -3)) + 4?
8
What is (-14 - (-1 - -10 - 18)) + 4?
-1
(-9 - -4) + (-1 - -7)
1
What is 4 + (-3 + 7 - 5) - 4?
-1
What is the value of (3 - (5 + 5 + -6)) + 0?
-1
Evaluate 0 - (-4 + (6 - 3)).
1
Calculate 4 - (4 + -1) - (8 + -8).
1
Evaluate 0 - ((-1 - -5) + -3 + 0).
-1
-5 - (-9 + (-4 - (-2 + -4)))
2
(1 - -4) + (7 - 10)
2
-3 - 3 - -5 - -2
1
Calculate 75 + -84 + (4 - -1).
-4
Calculate 1 + 6 + (9 - 20).
-4
(4 - 3) + 1 + -3
-1
What is the value of (-2 - 1) + (4 - (-12 + 16))?
-3
What is the value of (9 - 4) + -3 + (-3 - 0)?
-1
Calculate 3 - (-4 - (-4 + 5)) - 5.
3
Evaluate 1 - (4 - (6 - 1) - -1).
1
Evaluate 0 + 3 - 6 - (-2 + 4).
-5
(8 - 4) + 1 - 5
0
What is -1 - (6 + (0 - 5))?
-2
What is the value of -5 + -1 + 13 - 6 - -5?
6
What is (-3 - 1) + (94 - 80)?
10
-4 - -4 - (-2 + 6) - -1
-3
Calculate -2 - -5 - (-6 - -8).
1
(5 - 2) + -8 + 2
-3
What is the value of -16 + 19 + 1 + -2 + -7?
-5
489 + -484 + (-4 - -1) + 0
2
What is -2 + (0 - ((-1 - -2) + -1))?
-2
Evaluate -1 - (3 - -4 - 10).
2
What is 1 + (7 + -14 - -12)?
6
Evaluate -9 - -7 - (-1 - -1).
-2
What is the value of 2 + -4 + (6 - (2 - 4))?
6
What is (-4 - 8 - -9) + 4?
1
(5 + 0 - 1) + (-6 - 0)
-2
What is 12 + 4 + -1 - 8?
7
What is 6 - (-5 + 14 - 5)?
2
Evaluate (0 - -6) + -13 - -3.
-4
What is -1 - (4 - 10 - -6)?
-1
Evaluate 2 + (-6 - (-3 - 0 - -4)).
-5
Calculate (1 + -3 + 3 - 0) + 4.
5
What is 0 - 8 - (162 + -162)?
-8
Calculate -17 + -2 + 10 - -9.
0
What is the value of 0 + (-6 + 10 + -8 - -8)?
4
5 + -1 - (6 - 5)
3
Calculate -9 + 5 - (0 + -3).
-1
Evaluate -6 + -1 + (43 - 41).
-5
What is the value of -1 + 1 + (-1 - (-8 + 7))?
0
Calculate 6 + (10 - 35 - -12).
-7
Calculate (19 - 17) + (1 - (-3 - -3)).
3
Calculate (6 - 0) + (16 - 20) + -1.
1
Calculate (4 + -2 - 0) + 2.
4
4 - (-6 + 1 + 6)
3
Evaluate -2 + 2 - (6 + -3).
-3
What is the value of -3 - ((-24 - -8) + (-1 - -8))?
6
What is the value of (26 - 26) + (3 - -5)?
8
What is 5 + -10 + 3 + 6?
4
What is 0 + 4 - (-4 + (2 - -1))?
5
Calculate -2 - (1 - (5 - 1)).
1
3 + (1 - 0 - (3 - 0))
1
0 + 2 + 2 - 2
2
What is the value of 1 + (1 - 4) + 2?
0
Evaluate 1 + (-5 - -3 - 2).
-3
Calculate -3 + 7 - (-21 + 30).
-5
What is -5 + (1 - 0 - (-3 - -5))?
-6
Calculate -3 + 7 + 0 + -1.
3
1 + -1 + 0 + (-1 - -2)
1
Calculate 3 + -6 + (0 - 1).
-4
Evaluate 0 - (3 + 1) - (-24 + 15).
5
What is the value of 6 - (2 + (6 - 5))?
3
What is the value of (-1 - -1) + 3 - -2 - 10?
-5
0 - (1 + 1) - (9 - 13)
2
What is the value of (17 - 14) + (1 - 4)?
0
What is the value of 13 + -6 - (1 - -5)?
1
What is the value of (-1 - 2) + (8 + -4 - 3)?
-2
-15 - -20 - (-1 - -5)
1
What is the value of 2 + (1 - (-8 - -15))?
-4
4 + (-4 - 0) - 2
-2
Calculate -11 - (-25 + 7 + 4).
3
Evaluate 0 - (3 + -1 + -2 + 3).
-3
Calculate -1 + -7 + 8 - 1.
-1
Evaluate -1 - (0 - (6 - 11)).
-6
What is the value of 18 + -7 + -11 + 7?
7
What is the value of -10 - (6 + (-15 - -6))?
-7
Evaluate 2 - (1 + 3) - -4.
2
(-1 - -7) + -13 - (2 - 4)
-5
Evaluate (-2 - 1) + (21 - 10 - 8).
0
What is 41 + -39 - (0 - 8)?
10
Evaluate (-3 - 1) + 11 - 13.
-6
4 - 2 - (0 + 5)
-3
What is the value of 4 + -6 + (-5 - (4 - 7))?
-4
Calculate 2 - ((-7 - -3) + 6 - -4).
-4
Evaluate 7 - (4 + 1 + 0).
2
-37 + 40 + -7 + 1
-3
Evaluate -13 + 14 + -6 + -4.
-9
(2 - (-10 - -7)) + 2
7
1 - 12 - (-5 - 3)
-3
Evaluate (2 - -2) + 0 + -1.
3
Evaluate -1 + 13 + -12 + (1 - -1).
2
(3 + -3 - 3) + 9 - 2
4
What is (1 - 0) + -16 + 12?
-3
What is the value of 2 + -1 + -5 + 2 - 2?
-4
What is the value of 1 + (-3 - -4) + 2?
4
What is the value of (-2 - -3) + -2 - (-5 - -6)?
-2
Evaluate -5 + (1 - 0) + (0 - -4).
0
-4 + (1 - -9) + -3
3
What is the value of 1 + (-13 + 8 - (-2 - 1))?
-1
(8 - (15 - 10)) + (-1 - -3)
5
1 + (-2 - -5) - 8
-4
What is (3 - 5) + -2 + 10?
6
Calculate -11 + -1 + 9 + -2.
-5
Calculate 15 + (-20 - (-2 + -8)).
5
What is the value of -5 + (19 - 12) + (-9 - -1)?
-6
3 + -2 - (3 + -4)
2
What is 3 + -3 - 4 - (-17 - -12)?
1
What is the value of 18 - 23 - (1 - 8)?
2
What is the value of 1 - -1 - (-1 + 3 + -5)?
5
Evaluate 20 - 29 - (-3 + (-4 - -3)).
-5
What is 2 + (-6 - (-19 + 7) - -2)?
10
What is the value of -1 + -1 - (-116 + 122)?
-8
Calculate -1 + -1 - (-2 + 7 + -8).
1
-7 + 7 + -8 - (-3 + -10)
5
What is 8 + -5 - (-1 - -1)?
3
What is the value of (2 + -8 + 9 - -1) + 2?
6
What is the value of 5 + (-2 - (14 - 7)) - 2?
-6
Calculate (8 - (-6 + 18 + -7)) + -2.
1
What is -2 - ((-4 - 0) + 5)?
-3
What is (-1 - (-1 - -3)) + -2?
-5
Evaluate -1 - -2 - (3 + 5 - 5).
-2
What is the value of (4 - (5 - 2)) + 0 + -2?
-1
Evaluate -2 + -1 + (2 - (0 - 0)).
-1
What is the value of -5 + (-8 + (0 - -3) - -7)?
-3
Calculate -1 + (3 - -1 - 2).
1
(6 - 4) + -1 + (-5 - -3)
-1
What is 4 + 6 + 0 + -7?
3
Calculate -4 + (-13 - -18) + -5.
-4
Evaluate (6 - 1) + 0 + -8.
-3
What is the value of 7 - (12 + -6) - (-1 - -1)?
1
Calculate 10 + -5 + 4 - 4.
5
What is -15 + 19 + 1 + -6 - -1?
0
Evaluate (-2 - -1) + 8 + -9 - 0.
-2
Evaluate 2 - 4 - (1 - 2).
-1
Evaluate 0 + (1 - (0 - 0)) + 1.
2
(1 + -1 + 2 - 6) + -1
-5
Calculate 4 + -10 - (-2 + -1) - -5.
2
Evaluate 0 + -5 + 6 + 2.
3
What is -1 - -5 - 0 - (296 - 298)?
6
Evaluate 0 + (5 - (5 + 4 + -7)).
3
Evaluate -8 + -1 - (143 + -155).
3
Evaluate (-42 - -41) + (5 - 1).
3
Calculate 6 + 9 + -19 + -3.
-7
What is the value of 1 - (-2 - 0 - (1 - -1))?
5
What is 7 - (8 - (11 + -7))?
3
Calculate -2 + (8 - 14) - -2.
-6
Calculate 4 - (1 + -5 + 3 - 1).
6
What is the value of -4 - ((-5 - -3 - 2) + 2)?
-2
What is 6 - (-7 + -1 - -21)?
-7
What is 4 + -8 + (0 - -2) + -3?
-5
-2 - (2 + (-3 - -1))
-2
What is (-5 - 3 - -5) + (4 - -2)?
3
What is -3 + 5 + 2 + 5 + -1?
8
What is the value of 7 + (-9 - -3 - -7) + -5?
3
Evaluate (-4 - -2) + -4 + 2.
-4
What is 1 + 7 + -16 - -9?
1
What is 2 + (6 - -2) + -5?
5
Evaluate 6 + (0 + 3 - (-22 + 25)).
6
What is the value of -3 - -5 - (3 - 5)?
4
What is the value of 3 + -3 - (-6 + 1)?
5
What is the value of (2 - -1 - -1) + (1 - 1)?
4
Calculate -9 + (26 - 8) - 0.
9
What is the value of 4 + 8 + -8 - (-9 + 2)?
11
Evaluate -5 - ((10 - 3) + -11).
-1
Evaluate 1 + (7 - 10 - -4) + -4.
-2
Evaluate (-3 - -4 - -7) + -4 - 0.
4
7 - (3 + 1) - 1 - 0
2
What is 0 + (1 - (8 + (0 - 2)))?
-5
What is 4 - (-13 + 22 + 0 + -4)?
-1
Evaluate (0 - 8) + 3 + 11 + 1.
7
What is the value of 0 + -1 + 4 + -5?
-2
What is -2 - (2 + -6 + -3)?
5
Evaluate (-1 - 4) + (-26 - -27).
-4
What is the value of (-4 - 1) + 7 + 3 + 0?
5
Calculate 9 + (-15 + 7 - -5).
6
Calculate -25 + 23 - (-1 + 6).
-7
Calc